). Suppose r - w*d = -4*r + 48, -d = -2*r + 19. Is r prime?
False
Suppose 2*i + 6 = -4*f, 3*i - 2*f = 2*f + 41. Suppose i*v = 4*v + 3*z + 471, 302 = 2*v - 5*z. Is v prime?
False
Let r(o) = 4*o**2 + 3. Is r(2) a prime number?
True
Suppose 2*x + 13 = 45. Suppose 0*r = -3*n + r + 16, -3*r = -n + x. Suppose n*v - 172 = -0*v. Is v composite?
False
Let w be (-2)/8 + (-3)/(-12). Suppose w = 5*n - 5 - 10. Suppose 2*g = -2*q + 168, -n*g + q + 250 = 2*q. Is g a composite number?
False
Suppose -3*q = -6*q - 3*b + 801, 0 = 3*q + 4*b - 805. Is q prime?
True
Suppose -5*m + 3*m = 4. Is (71/m)/(1/(-4)) composite?
True
Suppose 0*c - c = -6. Let r(x) = 2*x**2 - 5*x - 7. Is r(c) composite?
True
Suppose -2*r - 4*v + 247 = -209, -3*v = -3*r + 720. Is (-2 - -3)/(-1) + r a composite number?
True
Let n(l) = -20*l - 7. Is n(-19) prime?
True
Let x(v) = 2*v**2 + 5*v - 2. Let k be x(-6). Let b = k + -19. Is b a prime number?
False
Is (15 + -16)*(-985 - 2*-1) prime?
True
Let u = -13 - -156. Is u composite?
True
Let p = -217 - -309. Suppose -346 = -2*s - p. Is s prime?
True
Let n(m) = m**2 + 8*m. Let t be n(-8). Suppose t = -h + 6*h - 1295. Is h prime?
False
Is 12/(-10)*7945/(-14) a prime number?
False
Let z(f) be the first derivative of f**6/360 + f**4/12 + 2*f**3/3 + 4. Let v(d) be the third derivative of z(d). Is v(6) composite?
True
Let z(k) = k - 4. Let c be z(7). Suppose 0 = -c*j - j + 532. Is j composite?
True
Let r(a) = 568*a - 11. Is r(3) a prime number?
True
Suppose -2*d = d + 108. Is 0 - (-2)/(-1) - d a prime number?
False
Suppose 5*c + 2*t = 318, 3*t + 161 + 162 = 5*c. Let w = c + 31. Is w a prime number?
False
Suppose 7 = -t + 5*t - 5*i, 4*t = -2*i + 14. Let q be ((-20)/(-6)*t)/2. Let y(d) = d**3 - 4*d**2 - 3*d - 4. Is y(q) a prime number?
False
Let i(l) = -19*l - 2. Let j be (2/4)/((-1)/8). Is i(j) a prime number?
False
Let j be (-7 - -5)*(-1)/2. Let x(k) = 4 + 16*k**2 - j + 0*k + k - 4. Is x(2) prime?
False
Let f = 1046 - 248. Is -3*(3 - f/9) prime?
True
Suppose -n + 0*n - 3 = 0. Is (-14)/21 + (-1283)/n a composite number?
True
Let f be (-152)/(-3)*27/12. Let p = f + -67. Is p prime?
True
Suppose 3*c + 11674 = v, 3*c + 2536 = -v + 14216. Is v a composite number?
False
Suppose -2*w + 214 = -324. Is w a prime number?
True
Let y = 9 + -7. Is 2/4 + 117/y a prime number?
True
Suppose -4*x = -9*x + 905. Suppose a - 204 = 3*r - 30, a - x = -4*r. Is a a prime number?
False
Let f = 89 + -50. Is f prime?
False
Let x = -17 + 1. Let i(v) = -2*v + 7. Let w be i(5). Is w/4 + (-2044)/x a composite number?
False
Let p = -40 - -70. Suppose -27 - p = -3*l. Is l a prime number?
True
Suppose -368 = -5*p - 43. Is p a prime number?
False
Let w = -4 + 7. Let x(u) = -u**2 - u + 4. Let m be x(w). Let c(p) = -5*p - 5. Is c(m) prime?
False
Let i(q) = -q**3 - 5*q**2 + 4*q + 13. Let u be 1/(-2)*(8 + 6). Is i(u) a composite number?
False
Suppose 0 = y + 4*y. Let o = 1 + y. Is o*(-3)/3 + 10 prime?
False
Is (-8)/(-16) + (-613)/(-2) prime?
True
Is (-2)/(-8) - 1/4*-411 a prime number?
True
Suppose 2*c - 1331 = -5*f - c, f - 4*c - 257 = 0. Is f composite?
True
Let f(l) be the third derivative of l**5/20 + l**4/24 + l**3/6 + l**2. Let z be f(-4). Suppose v + 3*q = 6*q + z, -2*v - 3*q + 54 = 0. Is v composite?
True
Suppose 0 = m + c - 46, -4*c - 124 = -4*m + 28. Let o = m + -29. Is o a composite number?
False
Suppose 5*w + 5*f = 1685, -3*w - 331 = -4*w - 4*f. Is w prime?
False
Suppose a - 3*a + 102 = 0. Is a a composite number?
True
Let b(d) = -9*d - 3. Let x be b(-5). Is (x/(-9))/(4/(-186)) a prime number?
False
Let j(r) = -r**2 + 6*r - 3. Let h be j(5). Suppose -3 = -2*i - h*y + 3, 2*y + 12 = 4*i. Is i composite?
False
Let a be 76/(3/((-3)/(-2))). Let o be (-6)/((-1)/4*-1). Let k = a + o. Is k composite?
True
Suppose -t + 1023 = 2*t. Is t prime?
False
Let s(x) = 4*x**2 - x. Let o be s(-1). Let p = -5 + 10. Suppose p*u = -2*f + f + 103, 2*f - 101 = -o*u. Is u prime?
False
Let j = -7 + 10. Let o = j - 5. Let p = o + 25. Is p a prime number?
True
Let b(j) = 70*j - 7. Is b(6) a prime number?
False
Let n(t) = -4*t**3 - 4*t**2 - 12*t - 1. Is n(-7) composite?
False
Suppose -2*f = 4*w - 16, -4*w - 2*f + 16 = -f. Suppose -w*l - g - 3 = 0, 8 = -5*g - 7. Suppose v + 58 = 4*y - 2*v, l = -5*y - 5*v + 55. Is y composite?
False
Suppose -4*z - 15 = z. Let g = z - -6. Suppose g*m = -2*m + 95. Is m prime?
True
Let m = 3 - 10. Let x = -10 - m. Let y(k) = -37*k. Is y(x) a composite number?
True
Let o = 18 - 15. Suppose o*z + 13 = 460. Is z a prime number?
True
Let u(w) = w**3 - 7*w**2 + 12*w - 2. Let s be u(5). Is ((-12)/s)/(1/(-62)) prime?
False
Suppose i = -5*p - 584 + 6167, -4*p - 5*i + 4458 = 0. Is p a prime number?
True
Is 1/(-1)*(23 - 690) prime?
False
Let y = 1958 + -1371. Is y a composite number?
False
Let f be ((-18)/15)/(9/60). Let s = f + 21. Is s a prime number?
True
Is (1871 - (3 - 1)) + (-22)/11 a prime number?
True
Suppose 3*z - 337 = 1502. Let i = 866 - z. Is i composite?
True
Is (-4)/10 - (-8774)/10 composite?
False
Let n(c) = 2*c**2 - 11*c + 6. Is n(-13) a prime number?
True
Let i be -1*((223 - -2) + 2). Let a = -132 - i. Is a a prime number?
False
Suppose 5*t = -4*i + 3144 - 1119, 3*i - 803 = -2*t. Is t composite?
False
Let s(z) = 4*z**2 + 3*z + 29. Is s(6) composite?
False
Let j(y) = 30*y**3 - 2*y**2 + 2*y - 1. Is j(3) a composite number?
False
Let i(w) = -w + 9. Let g be i(6). Let t = -1 + g. Is 2/(t/10*1) composite?
True
Suppose -5*p = 3*d - 11003, -d = -4*d - 12. Is p prime?
True
Let l(a) = a**3 + 8*a**2 + 6*a - 8. Let r = 13 + -20. Let y be l(r). Is ((-1)/y)/(2/38) prime?
True
Suppose 5*g = -0*g - 45. Let f be 1/(2 + g/6). Is (4/f)/((-6)/(-45)) a prime number?
False
Suppose 2*l + 15 = -187. Let f be l*1/(0 - -1). Let w = -54 - f. Is w a prime number?
True
Let x be 2294/((-4)/(-2)) + -1. Is 2/5 + x/10 composite?
True
Suppose -55 + 465 = 2*d. Is d prime?
False
Let i(f) = f**2 + 2*f + 4. Let o be i(-3). Let a = -4 + o. Suppose r - 7 = -a*u + 37, 0 = -5*u + 3*r + 64. Is u prime?
False
Suppose 5*x - 111 = 2*x. Let h(v) = v**3 + 4*v**2 - 6*v + 1. Let w be h(-5). Suppose -7*g + x = -w*g. Is g prime?
True
Let y be (-234)/(-12) + 1/2. Suppose -v = r - 10 + 4, -4*r = y. Is v a prime number?
True
Suppose -48 - 4 = -v. Suppose -2*w + 788 = v. Suppose -i + 70 = 2*j - 27, 4*i + 3*j = w. Is i a prime number?
True
Let y(g) = -g**2 - 41*g - 3. Is y(-31) a prime number?
True
Let a = 493 + -226. Suppose 3*w = 4*w - a. Is w a composite number?
True
Let i(l) = 16*l**2 + 4*l**2 + l**2 + 4*l - 5*l. Let s be (2/(-3))/((-1)/3). Is i(s) composite?
True
Let f = 0 + 5. Suppose 0 = 2*g + 3*g + 5*a - 5, 3*g + f*a = -5. Suppose 187 = g*z - 0*z - h, -h + 109 = 3*z. Is z a prime number?
True
Let j(m) = -13*m + 3. Let w be j(-3). Suppose 6*h - w = 5*h. Suppose 4*k - 2*n = h, -65 + 12 = -5*k + 2*n. Is k a composite number?
False
Let n = 19 - 15. Is n/8*(0 - -38) prime?
True
Suppose -w + v = -3*w - 3, 12 = 2*w + 4*v. Let y(g) = 3*g - g**3 - 2*g**2 - 2*g**2 + 2*g**2 + 1. Is y(w) composite?
True
Suppose -3 = 3*o - 0. Let a(u) = u + 1. Let q(f) = -54*f - 3. Let l(x) = 4*a(x) + q(x). Is l(o) prime?
False
Let m(z) = -z**2 - z + 4. Let y be m(0). Suppose -64 = -y*s + 2*x - 3*x, 0 = -s - x + 19. Is ((-6)/5)/((-3)/s) a composite number?
True
Suppose l + 3*l - 43 = j, 2*j - 3*l + 76 = 0. Let s = j - -12. Is 1 - -4*s/(-2) prime?
True
Let o(u) = -u**3 - 7*u**2 - u - 7. Let g be o(-7). Suppose g = 4*l - 8*l + 3156. Is l a prime number?
False
Let i = 5302 + -599. Is i prime?
True
Suppose 4*u - 228 = u. Let d be (-7 + 0)*(3 + 3). Let a = u + d. Is a a prime number?
False
Let t(r) = -64*r - 19. Is t(-14) prime?
True
Let d = 155 - 78. Is d prime?
False
Let v(j) = -j**3 + 7*j**2 - 5*j - 1. Let s be v(6). Is (s - 3) + 236 + -1 a composite number?
True
Is (24/16)/(-1) - (-878)/4 a composite number?
True
Suppose -383 - 178 = -3*v. Is v composite?
True
Let x(y) = 2*y - 3. Let l be x(3). Suppose n = l*n - 46. Is n a composite number?
False
Let m(j) = -1 + 2*j + 1 - 1. Let k be m(3). Suppose -q - 196 = -k*q. Is q a prime number?
False
Let w(i) = -i**3 + 9*i**2 - 8*i + 4. Let p be w(8). Suppose -2*y + 5*y = p*u + 251, 5*y - 360 = -5*u. Is y a composite number?
True
Let b(g) = -4*g**3 + 2*g**2 + 2*g - 1. Let o be (-6)/2*-2 + 2. Let y = o + -11